 11
Let o = -295 + 297. Suppose -y + 3*m = -52 - 70, o*m = -4*y + 502. What are the prime factors of y?
5
Suppose -347584 = -4*d - 4*b, -6*d + 533984 - 12644 = 2*b. List the prime factors of d.
17, 19, 269
Let g(b) = 341*b + 394. Let f be g(-12). Let c = 5336 + f. What are the prime factors of c?
2, 3, 7, 13
Suppose 5*s + x - 96024 = 0, x - 16442 = -3*s + 41174. List the prime factors of s.
2, 4801
Let o(y) = -8*y + 41. Let k be o(4). What are the prime factors of k/((-36)/(-1000)) + 5?
3, 5, 17
Let s(h) = 3*h + 26. Let u be s(-8). Suppose -d + 44 = -3*w, 79 = 5*d - u*w - 154. Suppose p - 6 = d. List the prime factors of p.
53
Let r(l) = -4*l**2 + 18*l + 68602. List the prime factors of r(0).
2, 34301
Suppose 2*u - 12913 = 4*a - 1205, -5*a = -u + 5851. What are the prime factors of u?
2, 3, 61
Let k = 8965 - 7003. What are the prime factors of k?
2, 3, 109
Let q(m) = 1. Let y(z) = -7*z + 11. Let a(l) = 28*q(l) - 4*y(l). Suppose -4 = 4*i - 40. What are the prime factors of a(i)?
2, 59
Suppose u + 3*c - 852 = 0, -2*u = -9*c + 4*c - 1682. Suppose -27*i + 18*i + u = 0. What are the prime factors of i?
2, 47
Let i(f) = -6457*f + 125. What are the prime factors of i(-1)?
2, 3, 1097
Suppose g + 11 = 5*u, 19*u - 5*g = 15*u - 8. Suppose 1 = -b + u. List the prime factors of b.
2
Suppose -88*o = -85*o + 3000. Let w = 1730 + o. List the prime factors of w.
2, 5, 73
Let n = 3599 + -1603. What are the prime factors of n?
2, 499
Suppose -25 = -4*s + 23. Let p(z) be the third derivative of z**5/30 - 17*z**4/24 - 5*z**3/3 - 1001*z**2. What are the prime factors of p(s)?
2, 37
What are the prime factors of 2070 - 6*2/(-12)?
19, 109
Suppose 26*o - 5*t - 152 = 22*o, -4*o + 148 = -4*t. Suppose -12*b + o*b = 19467. List the prime factors of b.
3, 103
Suppose -9792 = -3*o + 5*h, 60*h - 12 = 58*h. What are the prime factors of o?
2, 1637
Suppose -q + 4*u = 54, 0 = -q - 21*u + 23*u - 60. Suppose 0*o - 381 = -3*o. Let t = o + q. List the prime factors of t.
61
Suppose -225044 + 973340 = 36*h. List the prime factors of h.
2, 19, 547
Let c(m) = 22*m**2 + 168*m - 283. List the prime factors of c(-45).
11, 47, 71
Let n = -502 - -5507. Suppose 21*f - n = 8*f. What are the prime factors of f?
5, 7, 11
Let g = -6553 - -40331. List the prime factors of g.
2, 16889
Let v = 16 + -13. Suppose v*w + 2*w + 65 = 0. What are the prime factors of 38/(-3)*(w + 10)?
2, 19
Suppose 3*t - 2*z = -2 + 3, -4*z = -2*t + 6. Let m(o) be the third derivative of 13*o**5/20 + o**3/6 + 4*o**2. List the prime factors of m(t).
2, 5
Suppose -333*r + 305*r + 162512 = 0. What are the prime factors of r?
2, 1451
Suppose 42*v = -34 + 202. Suppose w = -20*m + 23*m - 6115, -v*w - 2053 = -m. What are the prime factors of m?
3, 7, 97
Let g be (24 - -3) + (-21)/(-7). Suppose -3*r + g + 555 = 0. Suppose -11*a + r = -8*a. What are the prime factors of a?
5, 13
Suppose -15954 = b - 4*b + q, -3*b + 15963 = -4*q. What are the prime factors of b?
13, 409
Let r(z) = z**2 + 9*z + 22. Let p be r(-4). Suppose p*b + 2*o - 141 = 815, -o - 959 = -2*b. What are the prime factors of b?
479
Suppose 259017 = 42*k + 8*k - 3*k. List the prime factors of k.
3, 11, 167
Let j = 1315 - 1070. List the prime factors of j.
5, 7
Suppose -s + 3888 = 3*z, 2*s + 3*z + 443 - 8222 = 0. What are the prime factors of s?
3, 1297
Let v = 373 - 367. Suppose 4*q - 678 = -3*y, q = v*y - 5*y - 233. List the prime factors of y.
2, 5, 23
Let a be (-55)/(-10)*(-3 + 1). Let g(z) = -366*z**3 + 4*z - 12 + 183*z**3 - 8*z**2 - 2*z**2 + 182*z**3. What are the prime factors of g(a)?
5, 13
Suppose p - 3 = -t - 1, -4*p + 4 = 3*t. Suppose 159 = t*b + 11. Suppose 3*c = 15, c = -4*g - 0*c + b. What are the prime factors of g?
2
Let l(t) = 6*t**2 - 4*t - 12. Let z be l(5). Let y be (-1 + 15/(-3))*z/4. Let g = 295 + y. What are the prime factors of g?
2, 59
Let c(m) = 2*m**2 - 7*m + 34. Let r be (2/5)/(10/75). Suppose 4*s - 18 = r*k - 7, -4*s + 8 = -4*k. What are the prime factors of c(s)?
7
Suppose -288*o + 15589 = -285*o - 10112. List the prime factors of o.
13, 659
Let a be (-14)/(-49) + 258/(-21) - 3. What are the prime factors of 6/9 - 2135/a?
11, 13
Let u(d) = -11*d**2 + 5*d + 13. Let c be u(4). Let k = 248 + c. What are the prime factors of k?
3, 5, 7
Let n(q) = 2*q - 6. Let h be n(4). Suppose -h*t = -157 + 19. Suppose 5*f - s = 194, 5*f - t = -4*s + 130. List the prime factors of f.
3, 13
Let i(j) = 66*j - 81. Suppose 0 = -1120*d + 1115*d + 50. What are the prime factors of i(d)?
3, 193
What are the prime factors of (1 + (-2793)/(-6))*(8 + (-84)/(-21))?
2, 3, 311
Let q be (7 + -2)/(12/(-12)). Let a = 10 - q. What are the prime factors of a/10*(94 + 0)?
3, 47
Suppose -5*w + 4*w - 2 = -2*f, -f - 11 = w. Suppose -8*j + 6 + 6 = -5*j. What are the prime factors of w/(16/(-522)) + j?
5, 53
Let z(p) = -45*p**2 + 4*p - 1. Let d(h) = 90*h**2 - 8*h + 2. Let r(k) = -2*d(k) - 5*z(k). What are the prime factors of r(-2)?
3, 7
Let w = -2112 - -43538. List the prime factors of w.
2, 7, 11, 269
Let v be (-15)/(-20) + (-308)/(-16). Suppose -v = -3*i - 7*i. Suppose -i*w - 83 = -b, -3*b = b + w - 287. What are the prime factors of b?
73
Let b(c) = 27*c + 27. Let i(a) be the second derivative of a**4/12 - a**3/6 - a**2/2 - 19*a. Let z(o) = b(o) + 3*i(o). What are the prime factors of z(-10)?
2, 3, 7
Let y(x) = -2*x**3 - 110*x**2 - 240*x + 249. What are the prime factors of y(-57)?
3, 5, 359
Let b(j) = -j**2 - 9*j + 11. Let v be b(-8). Let a(o) = 34*o**3 + 29 - v*o**2 + 2*o**2 + 17*o - 33*o**3. What are the prime factors of a(16)?
3, 5
Let c = 16017 + -2445. List the prime factors of c.
2, 3, 13, 29
Suppose 2*h = 2*s + 138 - 14, 2*h + 176 = -3*s. Let x = s + 40. What are the prime factors of -2*(2 - x/(-8)) - -70?
71
Let f be (-4 + (-352)/(-12))*3 - 3. Suppose -62*v = -f*v + 5126. What are the prime factors of v?
2, 233
Let z = 8437 + -5532. What are the prime factors of z?
5, 7, 83
Let r be (8 + 1)*(-3)/(27/(-6)). Suppose 7*g + r*g = 52. Suppose -6*q = -188 - g. List the prime factors of q.
2
Let g(d) = -2*d + 44. Let u be g(16). What are the prime factors of (1*u)/(0 - 9/(-264))?
2, 11
Let h be 4/(-2) + (-3)/((-6)/(-4922)). Let a = h + 3979. What are the prime factors of a?
2, 379
Let z(p) = -4*p - 26. Let c be z(-6). Let q be c/(82/(-80) - (-10 - -9)). What are the prime factors of (-2)/(1 + -5)*(q + -2)?
3, 13
Let t(a) = -3*a**2. Let m be t(1). Suppose -39*q = 59119 - 15244. What are the prime factors of (m/1 - -7)*q/(-20)?
3, 5
Let o be 84/8*(-8)/12*-8. List the prime factors of ((-574)/o)/((-2)/88).
11, 41
Suppose 0 = -2*v + 1 - 7. Let c be 82728/270 - (-2)/(-5). List the prime factors of c/(-24)*36/v.
3, 17
Suppose 0 = -2*d - 100 - 4. Let c = 75 + d. Suppose 197 = 2*n - c. List the prime factors of n.
2, 5, 11
Let b be ((-42)/7 - -523)/(-1). Let u = b + 882. List the prime factors of u.
5, 73
Suppose 17*m - 9*m - 70296 = 6*m. What are the prime factors of m?
2, 3, 29, 101
Suppose -23*t - 1512 = -30*t. Let y = t - -49. List the prime factors of y.
5, 53
Let g = -95122 - -137638. What are the prime factors of g?
2, 3, 1181
Suppose 577567 - 1511109 - 1938646 = -99*v. What are the prime factors of v?
2, 7253
Let j be 1038/3 + (-3)/(-1). Suppose -5*v + j = 4*u, 5*u - 32 = -3*v + 167. What are the prime factors of v?
73
Let t = 147 + -73. Let w = 77 - t. List the prime factors of (-1)/(4/(-588)*w - 0).
7
Suppose 480 = -4*u - 2*p, 5*u - 5*p + 0*p = -585. Let m = -67 - u. What are the prime factors of m?
2, 13
Let y(w) = 16*w**2 - w**3 + 2*w**3 + 673 - 672 + 28*w. List the prime factors of y(-11).
2, 149
List the prime factors of (-103435)/(-10) - 12/(72/3).
10343
Let k(w) = 5*w - 3 + 20 + 3*w - w - 2*w. Let i = -7 - -21. List the prime factors of k(i).
3, 29
Suppose 5*f - 3*r = 9556, 5*f + 11*r = 6*r + 9580. Suppose 3103 + f = 19*j. List the prime factors of j.
2, 3, 11
Let o(w) be the second derivative of 8*w**4 + 25*w**3/3 - 3*w**2/2 + 26*w + 2. List the prime factors of o(-4).
31, 43
What are the prime factors of (13/(13/6))/(3/16420)?
2, 5, 821
Let p be (-31 - -29)/(3/(-6)). Suppose -6*d + 9*d - 679 = u, -3*u = -p*d + 907. List the prime factors of d.
2, 113
List the prime factors of 215629632/2856 - 8/14.
2, 5, 151
Let l = 68194 + -26312. What are the prime factors of 